divided by s.
34
Let l(x) = -x**3 - 4*x**2 + 5*x + 4. Let j be l(-5). Suppose 3*q = q - i + 10, 16 = j*q + i. What is the remainder when 7 is divided by q?
1
Suppose -4*b + 116 = 4*u, -b + 3*u + 99 = 2*b. Calculate the remainder when 90 is divided by b.
28
Let i(t) = t + 4. Let o = -4 - -1. What is the remainder when 2 is divided by i(o)?
0
Suppose l + 20 = 5*l. Let n(o) = 3*o - 1. Calculate the remainder when 40 is divided by n(l).
12
Let p = 31 + 19. What is the remainder when p is divided by (-3)/(-6)*-2 + 14?
11
Suppose 5*q - 317 + 102 = 0. Calculate the remainder when q is divided by 15.
13
Let c be 1/(-3)*(3 + 0). Let j = 4 + c. Suppose 5*q - 30 = 2*q - 3*y, 0 = 5*q - 2*y - 15. Calculate the remainder when q is divided by j.
2
Let c = 0 - -3. Suppose -2*b = -0*b. Suppose -q - a = -b*a, 0 = -a - 4. What is the remainder when q is divided by c?
1
Suppose 0 = -5*w + 55 - 5. Let o = 33 - 68. What is the remainder when 7/14*(-1 - o) is divided by w?
7
Let b(i) = -12*i - 8. Let d be b(-10). Let g = d + -74. Calculate the remainder when g is divided by 13.
12
Suppose -3*h - 9 = -3*n, n = 6*n - 2*h - 12. Let s = n + 1. Calculate the remainder when 8 is divided by s.
2
Let v(j) = 6*j**3 - 6*j**2 + 8*j - 14. Let f(a) = 5*a**3 - 6*a**2 + 7*a - 13. Let w(g) = -7*f(g) + 6*v(g). What is the remainder when w(-6) is divided by 7?
6
Let v = 27 - 21. Calculate the remainder when 23 is divided by v.
5
Let w(b) = -3*b - 22. What is the remainder when 99 is divided by w(-14)?
19
Let u = -20 + 48. Let t be (-296)/(-7) + 4/(-14). Suppose 4*r - 32 = -2*n, -3*r + 6*n = 3*n - t. Calculate the remainder when u is divided by r.
8
Suppose 0 = 3*a - q - 7, -6*a - 4*q + 11 = -5*a. Let l = -20 - -33. What is the remainder when 10/a*(-15)/(-2) is divided by l?
12
Let j be (-60)/(-14) - 12/42. Suppose -h - 60 = -j*h. What is the remainder when 79 is divided by h?
19
Let r = -9 + 14. Let b be (-2)/5 - (-27)/r. Calculate the remainder when 30 is divided by ((-16)/(-5))/(1/b).
14
What is the remainder when -8*(1 + (9/(-2))/3) is divided by 2?
0
Suppose -4*w + 5*w = 8. Let v = 5 - -16. What is the remainder when v is divided by w?
5
Let t(a) = 2*a**2 - 18*a - 2. Calculate the remainder when t(10) is divided by 7.
4
Let c = -32 - -68. Suppose -2*p = 2*p + c. What is the remainder when p/(-12)*(1 + 27) is divided by 12?
9
Suppose -140 = -2*q - 5*y, 4*q - 3*q - 64 = -y. Calculate the remainder when q is divided by 21.
18
Suppose 0 = -2*j + j - 4*m + 49, 5*j - 245 = 3*m. Calculate the remainder when j is divided by 13.
10
Calculate the remainder when 2/6 + (-1127)/(-21) + 8 is divided by 21.
20
Suppose -4*o + 35 = 3*q, -4*q - 4*o - 7 + 47 = 0. Suppose -q*r = -r - 64. What is the remainder when 31 is divided by r?
15
Let h(w) = -3*w - 14. Let o = 16 - 1. Calculate the remainder when o is divided by h(-6).
3
Let i(y) = 8*y + 6. What is the remainder when 119 is divided by i(3)?
29
Suppose 28 = -z - 55. Let i = -53 - z. What is the remainder when i is divided by 11?
8
Suppose 0 = -2*n - 2*d + 42, -2*n + 2*d = -18 - 40. Let s(t) = 10*t**2 + 10*t - 12. What is the remainder when s(2) is divided by n?
23
Suppose 0 = -3*d + 5*t - 15, 3*d - 4*t + 24 = 6. Let r(u) = -u**3 - 10*u**2 - u - 4. What is the remainder when 9 is divided by r(d)?
3
Let b(m) = m**2 + 3*m - 5. Let a be (-3)/9 - (-76)/3. Suppose -6*u - a = -u. What is the remainder when b(u) is divided by 2?
1
Let t(u) = -3*u + 0 + 2 - u. Calculate the remainder when 41 is divided by t(-3).
13
Suppose 2*y + y - 48 = 0. Let f be 2*-12*(-1)/2. Let z = y + f. Calculate the remainder when z is divided by 15.
13
Let v(y) = -15*y + 3. Let h be v(2). Let n = -20 - h. What is the remainder when 19 is divided by n?
5
Suppose 0 = -5*c + 2*r - 4*r + 79, -3*c + 48 = r. Calculate the remainder when 31 is divided by c.
14
Let t = 1 + 1. Suppose 5*a - 4*n = 347, 100 = t*a + 3*n - 25. What is the remainder when a is divided by 23?
21
Suppose 6*d = -d + 35. Calculate the remainder when 8 is divided by d.
3
What is the remainder when 18 is divided by (5/30)/((-3)/(-30))*6?
8
Suppose 0 = 4*d - 11 - 57. What is the remainder when d is divided by 9?
8
Let f(x) = 28*x**2 + x. Let h be f(-1). Let z = -5 + 5. Suppose -45 = -5*k - 5*w, -w = -3*k - z*w + h. Calculate the remainder when 26 is divided by k.
8
Let c(m) = m + 3. Let k be c(0). Calculate the remainder when 19 is divided by (k + -2)*(-2 + 7).
4
Suppose 0 = 10*f - 8*f - 6. What is the remainder when (-2)/f - (-214)/6 is divided by 18?
17
Suppose 2*c - r = 72, 0 = -c + 5*c - 3*r - 142. What is the remainder when c is divided by 27?
10
Suppose 3*s + 5 = -1. Let p be 5/s*72/(-20). Suppose 15 + p = 4*o. Calculate the remainder when 15 is divided by o.
3
Let q be (-2)/3*(-684)/8. Suppose -v + q = 2*v. Calculate the remainder when v is divided by 7.
5
Let p(z) = 2*z - 12. Let y(h) = -2*h + 11. Let i(j) = -5*p(j) - 6*y(j). Let a be i(7). Let d = a - -10. Calculate the remainder when d is divided by 10.
8
Suppose -2*f - 3*k = -97, -4*k + 5 = -3*k. Suppose 2*w + 10 = x, -80 = -5*x - 0*x - 5*w. What is the remainder when f is divided by x?
13
Let a be ((-3)/2)/((-3)/(-20)). Suppose 0 = -5*v + 31 + 49. What is the remainder when v is divided by 0 - 0 - (1 + a)?
7
Calculate the remainder when 78 is divided by 1 + (6 - 4) + 13.
14
Let p(i) = i**3 - 14*i**2 - 16*i - 1. Let m be p(15). Suppose 2*o - 46 = 4*o. Let v = m - o. Calculate the remainder when 12 is divided by v.
5
Suppose h = -0*h + 33. Suppose q - 6 = -3. Suppose -o = -i - 11, -h = -3*o - q*i + i. Calculate the remainder when 31 is divided by o.
9
Suppose -75 - 98 = -3*j + u, 0 = 3*j + 4*u - 163. Calculate the remainder when j is divided by (36/(-14))/((-7)/((-686)/(-21))).
9
Let i = -21 - -24. What is the remainder when 7 is divided by i?
1
Let u be (-3 + 2)*(4 - -1). Suppose -4*z + 2 - 62 = 0. Let o = u - z. Calculate the remainder when 28 is divided by o.
8
Let g be (8/10)/((-1)/(-10)). Let m = -6 + g. Suppose -m*n + 18 = 4*d, 4*n = -15 + 3. Calculate the remainder when d is divided by 4.
2
Let x = 45 + -43. What is the remainder when (9*-1)/((-3)/2) is divided by x?
0
Suppose 5*h - 38 = -w, -3*w = -w - 3*h - 37. Calculate the remainder when 67 is divided by w.
21
Let a(t) = 3*t**3 - 4*t**2 - 4*t + 12. What is the remainder when a(3) is divided by 6?
3
Let a(x) = -x**2 - 6*x + 1. Let n be a(-6). Calculate the remainder when 2*(3/n + -1) is divided by 3.
1
Let z(k) = -k**2 + k + 4. Let u be z(3). Let p be u*(-7*1)/1. Suppose i + i - p = 0. Calculate the remainder when 19 is divided by i.
5
Let x(t) = -t**2 + 15*t - 14. Let u be x(10). Suppose 4*d = -0*d + u. Let q = -4 + 21. Calculate the remainder when q is divided by d.
8
Let a = -21 - -36. Calculate the remainder when 37 is divided by a.
7
Suppose -4*s + 7 = -3*s - b, b - 48 = -4*s. Calculate the remainder when s is divided by 6.
5
Let t = 16 + 36. What is the remainder when t is divided by 18?
16
Let q be 0 - 2 - 1 - -1. Let m(u) = -14*u - 4. Calculate the remainder when m(q) is divided by 13.
11
Let m = -11 + 15. Suppose 3*d - m = -1. Calculate the remainder when 3 is divided by d.
0
Let i = 42 + -14. Let v(x) = -6*x - 3. Calculate the remainder when v(-2) is divided by 147/i + (-2)/8.
4
Let l be (-35 + 4)*3 - -4. What is the remainder when 68 is divided by l/(-4) + 27/36?
22
Let h = -28 + 48. Suppose 99 = 4*m + 3*v, 4*m - 2*v - 116 = -22. Let z = m + -17. Calculate the remainder when h is divided by z.
6
Let r(x) be the third derivative of -x**6/120 - 7*x**5/60 - x**4/8 - 7*x**3/6 + x**2. Calculate the remainder when 67 is divided by r(-7).
11
Suppose -5*a = 5, 0*o = -3*o + 4*a + 13. Let x be o + 4/(-1) + 3. Suppose -42 = -x*p + 32. Calculate the remainder when p is divided by 13.
11
Suppose -3*l = 4*b - 148, 238 = 3*l + 2*l - 2*b. Suppose f = -3*f + l. Calculate the remainder when 34 is divided by f.
10
Let z = 4 - -45. Calculate the remainder when z is divided by 13.
10
Suppose -4*i - 1 = 5*j - 2, -7 = 4*i - 3*j. What is the remainder when 17 is divided by 10*(i + 2) - 1?
8
Suppose -2*x - 11 = -33. Calculate the remainder when 31 is divided by x.
9
Let z(g) = -5*g. Let a be z(-1). Suppose 165 = 6*d - d + 3*y, 0 = -4*d - a*y + 132. Calculate the remainder when d is divided by 2 + (16 - (